actors of z(j)?
43
Suppose -3*d + 4*l - 272 = 0, 2*d = -l - 156 - 29. Let b = 189 + d. List the prime factors of b.
97
Let i = 2546 + -740. What are the prime factors of i?
2, 3, 7, 43
Suppose -6*v = -v - 25, 4*j + 4*v - 1084 = 0. List the prime factors of j.
2, 7, 19
Let b(w) = -w**3 - w**2 - 2*w. Suppose -5*h = -4*j + 83, -5*h - 8*j + 4*j = 67. Let a = h + 12. List the prime factors of b(a).
2, 3
Let u(m) = 2*m**2 - 40*m - 229. List the prime factors of u(35).
821
Suppose -6*u = 11*w - 10*w - 2074, 8404 = 4*w - 3*u. What are the prime factors of w?
2, 1049
Suppose 3*u + i - 3*i - 3443 = 0, -1139 = -u + 5*i. What are the prime factors of u?
3, 383
Let b(f) = f + 25. Let k(m) = m**3 - 5*m**2 + 2*m - 5. Let n be k(5). Suppose 0*j + j = -s + 1, s + 5*j - n = 0. List the prime factors of b(s).
5
Suppose -5*i + 4 + 56 = -3*j, -5*j + 24 = 2*i. Let x = -10 + i. Suppose x*l + 4*q - q = 21, 3*l - q - 37 = 0. List the prime factors of l.
2, 3
Suppose -3*k + 124 + 143 = -4*n, -k - 5*n + 89 = 0. Let c = 23 + k. What are the prime factors of c?
2, 7
Suppose 4*i - 11 = -35. Let d be (4/i)/((-6)/27). Suppose 3*k - 2*c + 0*c - 81 = 0, 0 = -3*k + d*c + 81. List the prime factors of k.
3
Let q(u) = -13*u + 2. Let d be q(-1). Let v = -12 + d. Suppose -14 = b - v*b + 5*i, -5*b + 62 = i. What are the prime factors of b?
2, 3
List the prime factors of 18/7*(-28 + 7)*-51.
2, 3, 17
Suppose -25*v + 24 = -19*v. Suppose -10*a - v*a = -4844. List the prime factors of a.
2, 173
List the prime factors of 305*((-80)/(-16) - (6 + -2)).
5, 61
Suppose 4*b - n - 2*n + 5 = 0, 13 = 4*b + 3*n. Let h be (1 - b)*(-3 + 2). Suppose 0 = -2*t - h*v + 3*v + 3, 15 = 3*t - v. What are the prime factors of t?
2, 3
Let h(u) = -60*u**3 - 5*u**2 - 6*u - 5. List the prime factors of h(-3).
2, 397
Suppose -13*g = -14*g + 90. Suppose -54 = -3*k + g. What are the prime factors of k?
2, 3
Let z(g) be the first derivative of 23*g**2/2 - 7*g + 14. Suppose -3*q + 3*t - 6 = 6*t, 4*q = -3*t - 4. List the prime factors of z(q).
3, 13
Let m(p) = -2*p - 33. Let z be m(-10). Let a = z - -44. What are the prime factors of a?
31
Suppose 2*m - 26 = -4*b, -3*m - 8*b + 37 = -3*b. What are the prime factors of 997/m - (22/(-18) + 1)?
3, 37
Suppose -2*n - 36 = -4*c, 0 = -c + 3*n - 6*n + 16. Suppose 4*d - c = 2*d. Suppose -d*o - 47 + 212 = 5*g, 2*o = g - 21. List the prime factors of g.
29
Let q be 3 + 6 + -4 + -14. Let p be (-3 - 15/q)*-3. Suppose p*m - 140 = -0*m. List the prime factors of m.
5, 7
Suppose -4*d = 3*d. Suppose d = -3*s - 3*w + 570, 982 = -s + 6*s - 3*w. List the prime factors of s.
2, 97
Suppose -6 - 8 = -k. Let p(r) = 11*r - 18. What are the prime factors of p(k)?
2, 17
Let p = 126 - 63. Let m be -4*p/6 - -3. Let i = -24 - m. What are the prime factors of i?
3, 5
Let k be -2 - (-1 + 4 + -2). List the prime factors of 4264/39 - (8/k - -2).
2, 5, 11
Suppose -2*c = -5*l + 15, l = 2*c - 3*c + 3. Suppose 3*y - 5 = 10. Suppose -y*k - 15 = -6*k - 3*t, 5*k + 5*t - 65 = c. List the prime factors of k.
2, 3
Let v(o) = 8*o**2 - 3*o - 24 + 24. What are the prime factors of v(2)?
2, 13
Let m(p) = -26*p + 9. Let k(c) = 14*c - 4. Let y(g) = 7*k(g) + 3*m(g). Suppose 0 = -2*v + 3*f + 10, 4*f + 6 = 4*v + 5*f. List the prime factors of y(v).
3, 13
Suppose -5*l + 2*l + 297 = 0. Let y = l + -24. List the prime factors of y.
3, 5
Suppose -5*r + 147 = -2*p, 3*p + 2*r = 3*r - 201. Let j = -44 - p. What are the prime factors of j?
2, 11
Suppose 4*a + 224 = -3*a. List the prime factors of ((-21)/4 - 0)*a.
2, 3, 7
Let i(o) = 4*o - 2. Let p be i(2). Suppose p*c - 2*c + 2*n - 248 = 0, -3*c + 2*n = -200. What are the prime factors of c?
2
Suppose 0 - 2 = -f - 4*d, 5*d + 29 = -3*f. Let s = f - -6. Let m(r) = r**3 + 12*r**2 - 6*r - 15. List the prime factors of m(s).
3, 19
Suppose -4*v - 4*z + 860 = 0, 1266 = 4*v + 2*z + 416. What are the prime factors of v?
2, 3, 5, 7
Suppose 0 = 10*j - 11*j + 12. What are the prime factors of 110/15*j + 3?
7, 13
Suppose -4*y - f + 1053 = 0, -6*y = -10*y + 5*f + 1047. What are the prime factors of y?
263
Let k(t) be the third derivative of -31*t**6/120 + t**3/6 + t**2. Suppose 3*w - 3*q + 23 = q, -4*q = -20. List the prime factors of k(w).
2
Let f be 18/6 - (1 - 0). Let h(p) = 3*p**2 + 6*p - 7*p - 4 - p**f. What are the prime factors of h(4)?
2, 3
Suppose 20*o = 25*o. Suppose 0 = 5*z - 2*c - 64, -c = -z - o*c + 11. List the prime factors of z.
2, 7
What are the prime factors of ((-9)/54)/(2/(-12)) + 138?
139
Suppose -13*y + 17106 = -925. What are the prime factors of y?
19, 73
What are the prime factors of (-1162)/(-12)*234/39?
7, 83
Suppose 2*o + 2*o - s = 1603, -s = -2*o + 799. What are the prime factors of o?
2, 3, 67
Suppose -2*x - 3*y = -6, -y = 5*x + 2*y - 15. Suppose 84 = x*r - 0*r. List the prime factors of r.
2, 7
Let m be -3*(-26)/4*6. Let c = m + -13. What are the prime factors of c?
2, 13
Suppose 47*c - 42*c = 40. Suppose -8*g = -12*g + c. What are the prime factors of g?
2
List the prime factors of (-10)/(-20)*2234 - (-1 + 1).
1117
Let h be 3 + (-65)/10 + 3/6. What are the prime factors of 1/(182/61 + -3)*h?
3, 61
Suppose 31*x = 23*x + 7648. What are the prime factors of x?
2, 239
Let z = -154 + 254. Let t = 148 - z. Let k = t + -25. List the prime factors of k.
23
Let n = 5016 + -3535. What are the prime factors of n?
1481
Let w be (-4 + 1 - -1*3) + 4. Suppose 243 = -g + w*g. What are the prime factors of g?
3
Suppose 3*u - 9 = -a, -5*a + 7 = 5*u - 18. Suppose -u*r + 31 = -r - 3*i, -4*i = 5*r - 60. What are the prime factors of r?
2
Suppose -2*u + 0*u - 1698 = 5*v, -12 = 3*u. Let q = -159 - v. List the prime factors of q.
179
Suppose 8 = d - 14. Suppose -u + 2*h - 4*h = -13, -2*u - 3*h = -d. Suppose 8 = f + 2*c - u, f - 12 = -3*c. What are the prime factors of f?
3, 5
Let k(c) = 14*c**2 - 69*c + 14. List the prime factors of k(17).
2887
Suppose 0 = 5*v - n - 9, 2*n = 5*v - 0*n - 8. Suppose -4*k - v*w = -2*k - 182, 0 = -2*k + w + 194. Suppose k + 109 = 4*l. What are the prime factors of l?
3, 17
Suppose -3*h + 0*h - 9 = 0. Let x be 121/44 + h/4. Suppose -x = 5*d - 82. What are the prime factors of d?
2
Let d be 6*((-2)/(-3) - -4). Let p = 61 - d. What are the prime factors of p?
3, 11
Let k be ((-28)/(-8) - 3)/(3/18). Suppose -5*a - 183 = -o, 0 = -k*o - a + 5*a + 505. What are the prime factors of o?
163
Let o be ((7 - -3)*2)/2. Let h be 326/10 - (-4)/o. Suppose 0 = 4*d - 5*d + h. List the prime factors of d.
3, 11
Let r(t) = 2*t**3 - 2*t**2 + 5. Let p be r(-3). Let g = p - -102. List the prime factors of g.
5, 7
Let p = 4 + -9. Let u(l) = 10*l + 6. Let m be u(p). What are the prime factors of -1*2 - (m - 12)?
2, 3
Suppose 7*k - 12*k + 75 = 0. What are the prime factors of 164/3 + 5/k?
5, 11
Suppose 4*p = -2*s + 5*p + 179, -s = 5*p - 73. List the prime factors of s.
2, 11
Let b(g) = 1549*g**3 - g**2 + 19*g - 18. List the prime factors of b(1).
1549
Let j = 3038 + -1324. List the prime factors of j.
2, 857
Let b be ((-102)/(-12))/(3/30). Let n = 34 + b. What are the prime factors of n?
7, 17
Suppose -20 = -4*z - z. Let y be 2 + (1 - -5) - z. Suppose -c + 3*c - 115 = -5*w, 0 = -5*c + y*w + 238. What are the prime factors of c?
2, 5
Let d(a) be the third derivative of 0*a + 1/20*a**5 + 1/120*a**6 - 1/12*a**4 + 1/6*a**3 - 2*a**2 + 0. What are the prime factors of d(2)?
17
Let v = 139 - -339. What are the prime factors of v?
2, 239
Let h(n) = -n + 10. Let f be h(9). Let m(d) = 3*d. Let a be m(f). Suppose 0 = -a*o, -4*c + 15 = -c + 2*o. What are the prime factors of c?
5
What are the prime factors of (1145/2)/((-22)/(-44))?
5, 229
Suppose 4 = -2*f, b - f = 6 + 2. Suppose -3*v = -6*v + b. Suppose -2*c - v*n + 3 + 45 = 0, 12 = c - 3*n. What are the prime factors of c?
3, 7
Suppose -y + 3*t = -6276, 4*y - 2*t - 25132 = -4*t. What are the prime factors of y?
2, 3, 349
Suppose 2*f + 3*t - 4853 = 0, -5*f + 3538 = t - 8588. What are the prime factors of f?
5, 97
Let d = 3280 - 1664. List the prime factors of d.
2, 101
Suppose -2180 = -4*m - 4*n, -29*n = 5*m - 34*n - 2725. What are the prime factors of m?
5, 109
Let s = 160 + 147. List the prime factors of s.
307
Let n be (-8)/16*(-6)/(-1). Let i be (-195)/n + 2 - -1. Suppose -x = -5*m + 267, x - i = -m - 11. What are the prime factors of 